 h. Determine n(b).
-2
Let j(l) = 2*l**2 + 400*l - 2031. Let d be j(5). Let f(x) = -x**3 + 19*x**2 + 2*x - 14. Give f(d).
24
Let q(l) = -3*l**2 - 3*l - 3. Let n = 51 + 23. Let d = 80 - n. Let a be (d + -5)*(1*-4 - -1). Calculate q(a).
-21
Let z(p) = 170*p + 163*p + 167*p - p**2 - 653*p + 202*p + 659. Give z(60).
-1
Let j(a) = 7 + 10*a**2 + 6*a**2 - 1 + 3*a**2 - 10*a**2 - 24*a. Determine j(3).
15
Let c(n) = 0*n + 1 + 6 - 5*n**2 + 4*n**2 + 2*n**2 - 10*n. Calculate c(10).
7
Let j(o) = -9*o**2 - o**2 - 9*o**2 + 20*o**2 - 3 + 7*o - 18. Calculate j(-8).
-13
Let v = 205 + -179. Let h(o) = -9*o - 3 + 38*o - v*o. What is h(4)?
9
Let a = -23 - -24. Let c be (-27)/(-36) + a + (-41)/(-4). Let b = -16 + c. Let w(k) = -k**3 - 3*k**2 + 3*k + 5. Give w(b).
9
Let q(i) be the second derivative of i**8/6720 - i**7/504 - i**6/80 + 7*i**5/120 - 13*i**4/12 - 79*i. Let c(x) be the third derivative of q(x). Determine c(6).
-11
Let g(h) be the first derivative of -24 + h - 3/2*h**2. Give g(6).
-17
Suppose 3*p + 2*j = 16, -13 - 2 = -3*j. Let q(g) = 2*g - 8*g**2 + g**p + 4*g**2 - 4*g + 2*g**2 + 4. Determine q(3).
-11
Suppose 12*p + 1102 = -7*p. Let u = 62 + p. Let b(y) = -y**3 + 2*y**2 + 5*y - 5. Calculate b(u).
-17
Suppose -32*h = -27*h - 10. Let x(r) = h*r**2 + 193*r + 7*r**2 - 192*r. What is x(-1)?
8
Suppose 3*p + 2 = 11. Suppose 9*h + c = -18 + 12, 5*c + 30 = -h. Let u(m) = m**3 + h*m**3 + p*m**2 - 3*m**2. Give u(0).
0
Let l(g) = -19*g + 17. Let s be l(-4). Let m = s - 92. Let y(d) = -6*d - 4 - m + 13*d - 9*d. Calculate y(8).
-21
Let l(n) be the first derivative of 7*n**2/2 + 48*n + 1963. Give l(-7).
-1
Let l = -142 + 145. Let w(f) = -4901 + 3*f + f**l + 4901 + 6*f**2. Suppose -5*s = -4*r + 41, -2*s + 5*r + 3 = 33. Calculate w(s).
10
Let t(u) = -u**2 - 4*u + 3. Suppose -3*d + 23 = -4*x, 2*x + 3*d - 6*d = -13. Give t(x).
-2
Let q(c) be the first derivative of c**3/3 - 6*c**2 - 28*c + 521. Calculate q(14).
0
Let r(d) = -178*d + 4779. Let y be r(27). Let b(o) = o**3 + 28*o**2 + 27*o - 3. Give b(y).
-3
Let y be (22/(-4))/(-11)*-18. Let r(v) = v**2 - v + 5. Calculate r(y).
95
Let j(c) = 2*c**3 + 2*c**2 - 2*c - 2. Suppose 2*y + o - 4 = 0, 3*y = -4*o + 1 - 5. Suppose k - r = 0, r - 27 = -y*k - 17. Determine j(k).
18
Let y(s) = -3*s + 4. Let l(i) = 1. Let x(g) = 4*g - 9. Let z(q) = -4*l(q) + x(q). Let a = -854 - -858. Let p be z(a). What is y(p)?
-5
Let z(u) = -u**3 - 7*u**2 + 6*u - 8. Let x be 6 + (-10)/1 + 11. Suppose -32 = 4*o - 8*i + x*i, 3*o - i = -24. Determine z(o).
8
Let d be (77/112 + -1)/((-1)/4)*-4. Let i(u) = -8*u - 82. What is i(d)?
-42
Let k(d) be the first derivative of d**4/24 + 11*d**3/6 + 39*d**2/2 - 43. Let m(a) be the second derivative of k(a). Let b = 23 - 33. What is m(b)?
1
Let k(z) = -4*z**3 - z**2 - z. Let o be k(-1). Let v(l) = -4*l + o*l**2 + 19 - 16 - 2*l**3 + l**3. Let j(q) = q**2 + q - 3. Let f be j(-3). Determine v(f).
0
Let j = 356 - 351. Suppose z = -2*u + 2, -j*z - 4 + 24 = 0. Let v(y) = 12*y**3 - y**2 - 2*y - 1. What is v(u)?
-12
Suppose -2*z = -0*z + 16. Let w(k) = 14*k - 4*k - 404 - k**3 + 876 - 467 - 7*k**2. Calculate w(z).
-11
Let p(o) = 2*o**2 + 6*o + 5. Suppose 3*c = -y + 19, 11*y - 8*y - c - 47 = 0. Suppose -y*s + 8*s = 32. Give p(s).
13
Let d(y) = -y**3 + 48*y + 15. Suppose 16*q + 7*q + 71 = 232. Calculate d(q).
8
Let z(k) = 11*k + 4. Suppose -5*b - 276 = 7*b. Let s be 469/(-161) - (-2)/b. Calculate z(s).
-29
Let q be 4 + (3 + -4 - 0). Let r(c) = -5*c + q*c + 0*c + 35 - 31. Suppose -51 + 243 = -24*o. Give r(o).
20
Let d be (-301)/(-28) - 6/(-24). Suppose 106 - 205 = d*j. Let u(s) = -s**2 - 10*s + 1. Calculate u(j).
10
Let h(a) be the first derivative of a**4/4 - 7*a**3/3 + 4*a**2 - 6*a + 1. Suppose -1040*p + 708 = -922*p. Determine h(p).
6
Let r(c) be the second derivative of -c**5/20 - 7*c**4/12 - 5*c**2/2 + c. Let l(t) = 61*t + 13. Let v be l(1). Suppose -4*g + 46 = v. Determine r(g).
-5
Let k(v) = -v**3 + 48*v + 14*v**2 - 4 + 49*v - 153*v - 18 + 45*v. Give k(13).
4
Let l(g) be the second derivative of 2/3*g**4 + 4*g - 1/20*g**5 + 4 - 4/3*g**3 - 3/2*g**2. Calculate l(7).
-10
Let i(x) = -x + 59 + 84 - 126. Suppose 0 = 3*b + 15, 0 = -5*h - 8*b + 3*b + 10. Calculate i(h).
10
Let k(n) = n**3 + 31*n**2 + 3*n + 89. Let j be k(-31). Let s(a) = 3 - 20*a + 4*a - 4 + 3*a + a**3 + 3*a**2 + 7*a. Determine s(j).
7
Let a(p) = -2*p**3 - 11*p**2 - 6*p + 11. Let t be a(-5). Suppose -10*i + t*i = 6. Let o(q) = 5*q**3 - 2*q**2 + 2*q - 1. Determine o(i).
4
Let x(w) = -w**2 + 31*w + 15. Let b = -14378 + 14409. Give x(b).
15
Let l be (-3 - -1) + 5/1. Let u(k) = 0*k - 5*k + l*k + 1 - k. Determine u(2).
-5
Let b(i) = 29 + 90238*i + 10 - 180479*i + 90242*i. Give b(-23).
16
Let d = 13 + 39. Let q(c) = 14*c + 25*c + 14*c + 2 - 22 - d*c. Determine q(15).
-5
Let t = 13767 + -13740. Let u(g) = g**3 - 25*g**2 - 54*g + 5. Determine u(t).
5
Let m(x) = 3*x + 17. Suppose 16 = 3*b - 45*k + 41*k, 0 = -3*b + 2*k + 14. Calculate m(b).
29
Let r = 1562 + -1557. Let n(v) = -v - 2. What is n(r)?
-7
Let m(z) = -3*z**2 + 10*z - 18. Suppose 71*p - 738 = -241. Determine m(p).
-95
Let i(t) = -t. Let z(y) = 2*y**2 - 8*y. Let u(p) = 6*i(p) - z(p). Let g(o) = 158*o + 32866. Let n be g(-208). Give u(n).
-4
Let l(h) = h**3 - 7*h**2 + 6*h - 10. Let p(y) = y**3 - 6*y**2 + 5*y - 8. Let b(k) = -28*k - 86. Let q be b(-3). Let u(a) = q*l(a) + 3*p(a). Calculate u(3).
-4
Let h(l) be the second derivative of 7*l**3/3 - 29*l**2/2 + 6118*l. Determine h(7).
69
Let y(l) = 7*l**3 - l**2 + 1. Let r = -101 + 103. Suppose r*b - a - 7 = -3*b, 2*b - 8 = 3*a. Calculate y(b).
7
Let u(j) be the second derivative of 0*j**2 + 0*j**3 - 1/6*j**4 + 0 + 1/4*j**5 - 67*j. Calculate u(2).
32
Let p(t) = 2 + 6*t**2 - 4*t**3 - t - 3*t + 3*t**3. Let u = -22 + 18. Let z be (-1 - -1) + -20*1/u. Give p(z).
7
Suppose 7 = r + 2*t, 9 = -5*r - 4*t + 44. Let h(s) be the third derivative of -s**5/60 + s**4/6 + 86*s**2 - 566*s. Determine h(r).
-21
Let z = -1 - -5. Suppose z = -3*c + 2*c. Let m(o) be the third derivative of -o**5/60 - o**4/6 + 2*o**3/3 - 30*o**2 + 3*o + 2. Determine m(c).
4
Let z(t) be the second derivative of t**7/2520 + t**6/360 - 101*t**4/12 + t - 2. Let n(s) be the third derivative of z(s). Give n(-2).
0
Let t(m) = -m**2 + 11. Let u = 266 + -276. Let s be -3 + (-32)/u + 10/(-50). What is t(s)?
11
Let n(x) = -x**3 - 28*x**2 - 2*x - 62. Suppose 14*z - 15*z - 28 = 0. Let b be n(z). Let k(o) = 2*o**2 + 6*o + 1. Give k(b).
37
Let d(a) = 11 + 5 + 33 + 6 - 13*a + 26. Calculate d(6).
3
Let t(o) = -6*o**2 + 4*o + 5. Suppose 7*l + 119 = 98. What is t(l)?
-61
Suppose 60*q - 56*q + 30 = 3*r, 0 = -2*r + 2*q + 18. Let k(d) = d**2 - 9*d + 5. Calculate k(r).
-13
Let n(t) be the second derivative of t**2 + 0 + 1/6*t**3 - 1/5*t**5 + 100*t - 1/4*t**4. Calculate n(-2).
20
Let q(g) = g**3 - 19*g**2 + 34*g + 18. Let b be (-3 - 103/(-5)) + (-867)/1445. Calculate q(b).
18
Let t(p) = 6*p + 32. Let v(o) = -7*o - 31. Let w(h) = -4*t(h) - 3*v(h). Let s be w(-14). Let j(q) = 0 - 2*q + s*q - 3. Determine j(2).
7
Let r = 4 - -37. Suppose -46*b - 10 = -r*b. Let x(s) = -s**3 + s. Let k be x(b). Let t(h) = -h**2 + 7*h - 8. Calculate t(k).
-2
Let i(w) = w**3 - 3*w**2 - 5*w + 4. Let v = -167 - -171. Let k be v/6*117/26. What is i(k)?
-11
Let i(h) = 3*h + 2. Let k(d) = -407 + 431 - d + 15*d. Let z(t) = 4*i(t) - k(t). Give z(-7).
-2
Let u(w) = -w**2 - 9*w - 1. Let n = -429 + 434. Suppose n*b = -d + 1, d + 24*b - 28*b + 17 = 0. Calculate u(d).
-1
Let x(c) be the first derivative of 6*c**3 - c**2/2 + 185. Let p(v) = -2*v - 13. Let a be (-112)/16*12/14. Let b be p(a). Give x(b).
19
Let h(w) = -2*w**2 - 621*w - 17. Let t(m) = -m**2 - 444*m - 12. Let y(v) = -5*h(v) + 7*t(v). Let r be (3/2)/(6/8). Calculate y(r).
7
Suppose 160 = 5*w + 5*t, w - 36 = t - 2. Let u(q) = 0*q - 40 + w + 5*q. Determine u(3).
8
Let n be 5*-1 + 35 + -33. Let d(m) = -m**3 - 1. Let x(h) = 2*h**3 - 7*h**2 - 6*h + 2. Suppose -4*f + 1 = 5. Let y(i) = f*x(i) + n*d(i). What is y(-6)?
1
Let h(n) = 2*n**3 - 10*n**2 + n - 16. Let i = 1398 + -1393. Calculate h(i).
-11
Let g(i) = 3*i**2 - 9*i + 5. Let q(w) = 584*w - 3498. Let m be q(6). What is g(m)?
59
Let u(k) = 37 + 8 + 41 + 3*k - 107 + 30. Suppose -1 = 2*m - 3*j, -j + 0 = 4*m + 23. Give u(m).
-6
Let v(c) = 0*c + 13 + 15*c - c**